- 2 = 0. Let z be 13/(-2)*18/a. What is the highest common factor of z and 13?
13
Let z = 47 + -33. Let t be 732/z - (-4)/(-14). Suppose 5*r + j - 163 = 0, -2*r + 4*j + t = -0*j. Calculate the highest common divisor of r and 4.
4
Suppose 4*b = 10*b - 36. Calculate the greatest common divisor of b and 24.
6
Let k(h) = 2*h**2 - 5*h - 20. Let y be k(5). Let v(o) = o + 1. Let p = 11 + -7. Let q be v(p). What is the highest common divisor of y and q?
5
Let m(o) = o**2 - 8*o - 6. Let p be m(9). Let s(l) = l**2. Let n be s(p). Calculate the highest common divisor of n and 72.
9
Let h = 38 - 37. Let f = -3 - -6. Suppose 5*q + 2*i - 39 = 0, -2*i = f*q - 3*i - 30. Calculate the greatest common factor of q and h.
1
Suppose -3*t = 2*t + 25. Let p be 4*1 - (t + 5). Let c = -29 - -49. Calculate the highest common divisor of p and c.
4
Let f(i) = -i**3 + 15*i**2 + 25*i + 16. Let h be f(16). Suppose k - 3*k + 40 = 0. What is the highest common factor of h and k?
20
Suppose 3*j + 167 - 464 = 0. What is the greatest common factor of 11 and j?
11
Let m be 1/(2*3/18). What is the highest common divisor of m and 33?
3
Let z = 13 + -9. Let l be -2 + z - (-2 - 11). Calculate the highest common divisor of l and 10.
5
Let r = -354 - -221. Let h = r + 229. Calculate the greatest common factor of h and 12.
12
Let v be (-1 + -2)*(-1)/3. Let h = 1 - v. Suppose -4*w + 171 + 21 = h. What is the highest common divisor of w and 6?
6
Suppose 4*c = -12, 0 = t - 2*c + 4 - 15. Calculate the highest common factor of 10 and t.
5
Suppose -5*k = -5*s - 15, -k + s + 19 = 4*s. Calculate the highest common factor of 1 and k.
1
Suppose 2*x - 6*x = 28. Let v(h) = -8*h - h**2 + 1 + 13 - 4 + 2*h. Let j be v(x). What is the highest common factor of 6 and j?
3
Let c(g) = -5*g**3 - 2*g**2 + g. Let b be c(1). Let s = b + 11. Suppose q + 4*l - 3 = 1, -4*q + 64 = 4*l. Calculate the highest common divisor of s and q.
5
Let i be (-9)/15 - 23/(-5). Suppose -45 = -i*k - 13. What is the greatest common divisor of 64 and k?
8
Suppose 5*r - 74 - 1 = 0. Let j(u) = u - 6. Let f be j(8). Suppose f*v = v + 165. What is the greatest common divisor of v and r?
15
Suppose 0 = 2*y + 2*y - 40. Suppose 2*t = 4*h - 82, -5*h + 2*t + 92 = -10. What is the highest common divisor of h and y?
10
Suppose -2*v = -5*v + 108. Let r = v - 7. Suppose 5*b - r - 2 = -4*c, 2*c + 5*b = 23. What is the highest common factor of c and 12?
4
Let z(v) = -v**2 + 12*v - 8. Let g be z(6). What is the greatest common factor of 252 and g?
28
Let i be 10*2*9/4. Let b(v) = -6*v - 3. Let w be b(-8). Let c be ((-1)/(-1))/(5/w). Calculate the highest common factor of c and i.
9
Let d be (14 - 2)*4*(-2)/(-6). Calculate the greatest common divisor of d and 8.
8
Let q be ((-6)/(-4))/(6/20). Calculate the greatest common divisor of q and 2.
1
Let y(z) = 3*z**2 - 3*z + 6. Let f be y(4). Suppose -i = 2*i - f. Calculate the highest common divisor of i and 42.
14
Let m(a) = -a**3 + 11*a**2 - 6*a - 14. Let i be m(10). What is the highest common factor of 130 and i?
26
Suppose 0 = -4*l + 548. Suppose -4*w = -l + 41. Let d(f) = -f**3 + 5*f**2 + 5*f + 3. Let i be d(-3). What is the greatest common factor of w and i?
12
Let w be 20 + -1 - (0 - 1). Suppose 0 = 4*q - 8 - 8. Suppose 4 = -q*l + w. What is the highest common divisor of 8 and l?
4
Let b(a) = 2*a**3 + a**2 - 2*a. Let p be b(2). Let o = -21 + 85. Calculate the highest common divisor of p and o.
16
Let p be 366/30 + 2/(-10). What is the greatest common divisor of 48 and p?
12
Let b(o) = -o**3 - 5*o**2 - 5*o - 4. Let r be b(-4). Suppose 5*g + 2*d - 54 = r, g = -2*g - d + 32. Calculate the greatest common factor of g and 30.
10
Let t = 54 + -88. Let k = t + 57. Suppose n + c = 19, -k = -n - 2*c - c. What is the greatest common divisor of 51 and n?
17
Let u = 71 - 37. Calculate the highest common factor of u and 170.
34
Suppose -4*x = -5*x + 16. Calculate the highest common divisor of x and 2.
2
Suppose 2*v - 345 = -v. Calculate the highest common factor of v and 23.
23
Let f be 1/(-1) - (-55 - 7). Let d = f + -31. What is the greatest common factor of 30 and d?
30
Suppose -2*c + 3*c - 2 = 0. Suppose 5*x - c*x - 15 = 0. Let k be 1/(-2)*-4 + x. What is the greatest common factor of k and 14?
7
Let d = 4 - 1. Suppose 2*a + 30 = d*a. Let p(l) = 13*l**2 - 402*l - 19. Let f be p(31). What is the greatest common divisor of f and a?
6
Let b = -2 + 2. Suppose -2*x - x + 18 = b. Calculate the highest common factor of 15 and x.
3
Let k = -1 + 11. Let d = -125 - -350. Let z = d - 145. What is the highest common factor of z and k?
10
Suppose w = -3*u + 36, 6 = 3*w - w. Calculate the highest common divisor of u and 77.
11
Suppose 0*p = 4*p + u - 237, -5*u + 285 = 5*p. What is the highest common factor of 90 and p?
30
Let w(q) = -q - 4. Let x be w(-10). Let t be x*-11*(-15)/10. Calculate the greatest common factor of t and 11.
11
Suppose t + 4*t = 120. Let j(z) = 2*z - 10. Let b be j(7). Suppose -20 = -3*q - 2*c, -3*q - 1 = b*c - 23. What is the highest common factor of q and t?
6
Suppose a + 5*n - 1 = -4, 5*a - 14 = 4*n. Suppose -a*b = 3*b - 50. Calculate the highest common divisor of 90 and b.
10
Suppose t + 10 = 3*t. Suppose 0 = 5*u - 3*v + v - 56, t*v = -15. What is the highest common factor of u and 25?
5
Let x = 23 + -18. Calculate the greatest common factor of 20 and x.
5
Let u = 97 - 90. Calculate the highest common factor of u and 21.
7
Let j be (-1 - -3)/(-4)*-376. Let q = -84 + j. Let v be 1 + (13 - (1 - 0)). What is the greatest common factor of v and q?
13
Let o = -4 + 7. Suppose 0 = -o*a + 12, 3*a + 22 = f + 6*a. Suppose 2*i = -77 + 237. Calculate the greatest common factor of i and f.
10
Let q be -5 + (2 + 0 - 0). Let l = 15 + q. Suppose -40 = -2*s - l. Calculate the greatest common factor of s and 14.
14
Let w(u) = -u - 4. Let b(y) = -4*y - 17. Let s(j) = -2*b(j) + 9*w(j). Let p = 8 - 13. Let d be s(p). What is the highest common factor of d and 33?
3
Let z = 44 + -113. Let w = -43 - z. Let t = 62 - 49. What is the highest common factor of t and w?
13
Suppose 7*p - 152 = 6*p. What is the highest common divisor of 19 and p?
19
Let g(l) = l**3 + 3*l**2 - 7*l - 6. Let r be g(-4). Calculate the greatest common factor of 42 and r.
6
Let r = -89 - -95. Suppose -2*v + 8 = 4*h, 3*h + 1 = -v + 6. What is the greatest common divisor of v and r?
2
Let m = -7 + 10. Let o be 3/((-2)/(-2)*1). Suppose o*j - 22 = -2*s, s - 20 = -m*s. What is the greatest common divisor of j and 1?
1
Let w = 36 + -33. Calculate the highest common factor of 27 and w.
3
Let v(s) = 3*s - 1. Let p be v(6). Let j(m) = -m**3 - 2*m**2 - 3*m - 2. Let w be j(-2). Let z be 115/1 + w + 0. What is the greatest common factor of p and z?
17
Suppose 5*w + 2 - 302 = 0. Suppose -4*m = -9*m + w. Let c be (4/5)/(2/15). Calculate the highest common divisor of m and c.
6
Let d be (94/(-3))/(-1) - (-21)/(-63). Calculate the highest common factor of d and 93.
31
Suppose -6*p = b - 3*p - 45, -140 = -5*b + 2*p. Calculate the greatest common factor of 20 and b.
10
Suppose 2*j + u = 41, j = 2*u + 13 + 5. What is the highest common factor of 100 and j?
20
Let y(n) = -n + 36. Suppose -b - b - 4 = 0. Let i = b + 2. Let v be y(i). What is the highest common divisor of 9 and v?
9
Suppose -386 = -3*y - 134. Calculate the greatest common factor of y and 12.
12
Let o be (-4)/(4/(-11)) - 2. Let b = o + -8. Let w be (4/(-8))/(b/(-2)). What is the greatest common factor of 1 and w?
1
Let o(h) = h**3 - 5*h**2 - 9*h + 20. Let a be o(7). What is the highest common divisor of 5 and a?
5
Let d be -2 - 18/(-2) - 0. Calculate the greatest common divisor of d and 35.
7
Let l = 137 - -7. What is the highest common factor of l and 16?
16
Let q(w) = w + 16. Let n be q(-7). Let a be (-4)/(-22) + 2/(-11). Suppose a = -0*j - j + 45. Calculate the greatest common factor of j and n.
9
Let k(h) = 2*h**3 + 2*h + 0*h**3 + 2 - 3*h. Let s be k(2). Suppose 0 = -m + 26 + 6. Calculate the highest common divisor of m and s.
16
Let n(j) = 4 - 2*j + 0*j + 3*j + j**2. Let c be n(-3). Suppose 2 = 2*k - 2. Calculate the highest common divisor of c and k.
2
Let u be 4/(-14) + (-624)/21. Let s = u - -51. Let m be -1 + 15/(2/2). What is the highest common divisor of s and m?
7
Let g(n) = 4*n - 3. 